 -x*w + 195. What is the units digit of w?
9
Suppose -s = w + 4*s - 81, 169 = 2*w + 3*s. What is the units digit of w?
6
Let k = -15 - -33. What is the units digit of k?
8
Let i be 6 - ((3 - 2) + 2). Let v = 5 - i. What is the tens digit of (v - (4 + -3))*11?
1
Suppose 4*y + 8 = 2*y. Let v be (-18)/4*16/y. Suppose 2*k + 0*k = v. What is the units digit of k?
9
Let n be 8/(-10)*(-10)/4. Suppose -4*p + 2 + n = 0. What is the units digit of p?
1
Suppose -l + 5 = -0*l. Suppose -3*g + 4*g - l = -4*a, 6 = 3*a + 3*g. What is the units digit of a?
1
Let u(p) = p**3 + 11*p**2 + 8*p - 12. Let b be u(-10). Suppose 0 = c + b - 31. What is the tens digit of c?
2
Let h = 18 - 18. Suppose h = 5*t - 3*u - 228, 2*u = u + 4. What is the tens digit of t?
4
Let g(m) = m**3 - 7*m**2 + 3*m - 9. Let a be g(7). Suppose y + 3*c - a = 5, -4*c + 66 = 3*y. What is the tens digit of y?
2
Let g(m) = 10*m - 3. Let z be g(-6). Let i = -20 - z. What is the tens digit of i?
4
Suppose -33 = -3*h - 0. What is the tens digit of h?
1
Let n = 1 - 7. Let d(r) = r + 6. Let s be d(n). Suppose -3*b = 2*x + 2*b - 10, s = 2*x + b - 10. What is the units digit of x?
5
Let i(v) = v - 21. Let a(u) = u - 14. Let z(q) = -7*a(q) + 5*i(q). Let o be z(-6). Suppose 0*r = -2*r - o*w, 2*r - 16 = -w. What is the units digit of r?
0
Let b(c) = -c**2 - 17*c - 6. What is the tens digit of b(-15)?
2
Let c be (-3)/6 + 1/2. Suppose 4*p + 2*t - 4*t - 52 = c, 4*p - 52 = -5*t. What is the tens digit of p?
1
Suppose -6*g = -2*g - 40. Let n be g/3*1*6. Let o = n + -13. What is the units digit of o?
7
Suppose a + 12 = -4*n, -3*a - 38 = n - 2. Let m = 10 - a. What is the units digit of m?
2
Suppose -10*b = -7*b - 192. What is the tens digit of b?
6
Let z(p) = p**3 + 10*p**2 + 6*p - 6. What is the tens digit of z(-9)?
2
Let y = -4 - -7. Suppose -6*j = -y*j - 21. What is the units digit of j?
7
Let c(y) = -3*y + 8. Let r be c(-3). Let d = 32 + r. What is the tens digit of d?
4
Let v(a) = -a**3 + 9*a**2 + 10*a - 13. Let f be v(10). Let y = 11 - f. What is the tens digit of y?
2
Suppose 0 = 3*n + 2*j - 9 + 3, 2 = n - 2*j. Suppose -4*s - n + 14 = 0. Suppose -3*x - 33 = -s*u, 3*u = u + 5*x + 31. What is the units digit of u?
8
Suppose 4*u - 4*l - 1420 = 0, -1735 = -5*u + 2*l - 5*l. What is the tens digit of u?
5
Let n(d) = d**3 - 7*d**2 - 8*d - 20. What is the units digit of n(9)?
0
Suppose -4*r + 0*r + 5*c = 1, -3*r = -5*c + 7. Let q be 1*15*r/9. Suppose -q = -i + m, 3*m = -0*m + 6. What is the units digit of i?
2
Suppose 2*s + 1 - 9 = 0. Let i = s + 1. What is the units digit of i?
5
Let p(m) = -m**2 - 12*m - 11. Suppose -b + 40 = -6*b. What is the units digit of p(b)?
1
Let c be (-1 + 2 - 0)/(-1). Let v(h) = -10*h**3 - h**2 - 2*h - 1. What is the units digit of v(c)?
0
Let k be (-7 - -5)/(1/2). Let d(f) = 0 + 5*f**2 + f**3 + 2*f + 0 + 2. What is the units digit of d(k)?
0
Let i(u) = u**3 + 5*u**2 + u + 5. Let n be i(-5). Suppose 3*m - 56 = 4*r, -2*m + n*r + r = -34. What is the tens digit of m?
1
Suppose 0 = 3*y + 6, 5*s + y + 0 = 8. Suppose -3*c + 2*c = -2. What is the units digit of (7/s)/(1/c)?
7
Suppose 83 = 2*p - 195. What is the units digit of p?
9
Suppose 0 = -2*m + 5*m + 2*i, i - 5 = -4*m. Suppose -2*w = 5*f - 5*w - 120, -m*f + 48 = -3*w. What is the units digit of f?
4
Suppose 4*t = 7 - 3. Let b = 7 - t. What is the units digit of b?
6
Let u(p) be the second derivative of -p**3/6 + 5*p**2 + 4*p. What is the units digit of u(8)?
2
Let m(t) = 22*t**2 - t - 1. What is the units digit of m(-1)?
2
Let l(i) = -6*i - 14. Let o be l(-4). Let z = o - 7. What is the units digit of z?
3
Let z(w) = w + 8. Let q be z(-6). What is the units digit of 3*q/(-4)*-2?
3
Let c(z) = 2*z - 4*z + z + 1. Let f be c(-1). Suppose -f*t + 6 = -0. What is the units digit of t?
3
Suppose 4*k = 177 + 447. What is the units digit of k?
6
Let f = 24 + 72. What is the tens digit of f?
9
Suppose 6 = -4*v - 3*a + 127, 4*a - 96 = -3*v. What is the tens digit of v?
2
Let j(n) = -n**3 - 8*n**2 - 7*n - 2. Let v be j(-7). What is the tens digit of -2 + (v - -24) + 2?
2
Suppose 5*q = -p + 18 + 3, 5*p + 5 = -3*q. Suppose -5*w = -3*l + 60, 3*w + 61 = -w + q*l. What is the units digit of (-3 - -1)*w/6?
3
Let s be (40/25)/((-4)/(-10)). Let d be (18/(-5))/(s/(-10)). What is the units digit of 2*d/2 - 1?
8
Let i = 31 - 18. Let m = i + -22. Let t = 24 + m. What is the units digit of t?
5
Let i = 180 + -91. What is the units digit of i?
9
Let c = 355 + -184. What is the tens digit of c?
7
Let h be (1/(-1))/(1/4). Let c(g) = -7*g. Let b be c(-1). Let n = b + h. What is the units digit of n?
3
Let k be 6/(-10) - (-116)/10. Let g = 24 - k. What is the units digit of g?
3
Let a be (-14)/(-21)*(-3)/2. Let u = 29 + a. What is the tens digit of u?
2
Let v = 7 - 8. What is the tens digit of v/(-2)*-6 + 15?
1
Let o(i) be the second derivative of i**4/24 + i**3/3 - i**2/2 + i. Let n(p) be the first derivative of o(p). What is the units digit of n(7)?
9
Let x = 431 - 196. Suppose 2*s + x = 7*s - v, -5*s - 3*v = -235. Suppose f = 4*y - s + 4, -f = 3. What is the units digit of y?
0
Suppose -2*i + 24 = i. Suppose -3*w = -i*w. Suppose -19 - 6 = -3*b - g, w = -b + 5*g + 3. What is the units digit of b?
8
Let x(w) = -w**3 + 4*w**2 + 7*w - 2. Let n be x(5). Suppose -4*g = c - 47, 4*g + 2*c - 34 = n. What is the tens digit of g?
1
Let v = 63 - 23. What is the tens digit of v?
4
Let m(a) = -a**3 + 5*a**2 - 2*a + 1. Let z(r) = 6*r - 1. Let x be z(1). Suppose -4*v - 3*w = -31, -3*v - 3 = -4*w + x. What is the units digit of m(v)?
9
Let l(o) = -23*o + 1. What is the tens digit of l(-3)?
7
Let d(r) = -10*r**3 + r**2 + r. Let o be d(2). Let x = o + 106. What is the units digit of x?
2
Let o(m) = 37*m - 6. Let w be o(5). Suppose 5*x - w = -54. What is the units digit of x?
5
Let j(m) = 2*m**3 + 1. Let r be j(1). Let h = 10 - r. What is the units digit of h?
7
Let b(c) = 2. Let d(y) = y - 4. Let w(i) = 5*b(i) + 3*d(i). What is the units digit of w(4)?
0
Let y = 21 + -19. Suppose 0 = -4*h - 2*v + 16, -4*h - y*v + v = -14. What is the units digit of h?
3
Let s(w) = -47*w - 5. What is the units digit of s(-2)?
9
Let g be (-2 - -15) + (0 - -2). Suppose 0*n - g = -3*n. Suppose -3*q = -4*o - n*q + 18, -5*o + 24 = 3*q. What is the units digit of o?
3
Suppose -10 = -16*z + 11*z. What is the units digit of (0 - (-17)/2)*z?
7
Suppose -4*a + 58 + 22 = 0. What is the units digit of a?
0
Let h(x) = -x**3 + 9*x**2 - 8*x + 6. Let c be h(8). Suppose -c*v + 5*v = -12. What is the units digit of v?
2
Let k(g) = g**2 + g - 10. Suppose 4*p - w + 19 = 0, 5*p + 11 + 15 = -w. What is the tens digit of k(p)?
1
Suppose 3*p + 120 = -0. What is the tens digit of (6 - 5) + p/(-1)?
4
Let g(r) = -r**3 + 8*r**2 + 8*r + 11. What is the units digit of g(9)?
2
Let g be ((-2 - 4) + 2)/(-1). Suppose -4*u - 1 = -17. Suppose g*z + 5*k = 16, -u*k = -4*z + 53 - 1. What is the units digit of z?
9
Suppose -3*w + 1 = 7. What is the units digit of 198/30 - w/5?
7
Suppose 3*y - 5 = 1, 0 = 3*q - 3*y - 30. What is the units digit of q?
2
Let a = 128 + -204. What is the tens digit of (-7 - a)*2/6?
2
Let a(o) = -2*o**2 + 9*o - 17. Let d(n) = -3*n**2 + 18*n - 33. Let f(t) = -5*a(t) + 3*d(t). What is the units digit of f(-11)?
8
Suppose -196 = 5*d + 2*a, -4*d = -a + 59 + 90. Let x = 55 + d. What is the tens digit of x?
1
Let r(c) = 4*c**3 + c**2 - 4*c + 3. What is the tens digit of r(2)?
3
Suppose 4*l + 0*l = 168. What is the tens digit of l?
4
What is the units digit of (-5064)/(-60) - 2/5?
4
Suppose 0 = -5*q - 5*p - 25 + 125, -44 = -3*q + 5*p. Let n = q - 13. Suppose -2*o = -n*l - 1, -4*o - 12 = -8*o. What is the units digit of l?
1
Suppose 2*s = -0*h + 2*h - 76, 0 = -s + 3. Suppose 0 = -3*j - 11 + h. What is the tens digit of j?
1
Let p(x) = -2*x**2 + 3*x - 4. Let a be p(8). Let k = -64 - a. What is the units digit of k?
4
Let u be (-4)/3*3/(-2). Let b = 3 + 16. Suppose d + b = u*d + 2*h, 5*h = -5*d + 70. What is the units digit of d?
9
Let r = -43 - -95. What is the tens digit of r?
5
Let l be 1 - -1 - 1*2. Let b(x) = -x + 2 + 3 + 8. What is the units digit of b(l)?
3
Let y be 0*(-1 - 2/(-4)). Suppose y*c = c - 4. Suppose -2*j + 5 = -3*i + c*i, 4*j = 3*i + 15. What is the units digit of j?
3
Suppose 3*v = -29 + 200. Let z 